{"id":13,"date":"2020-08-17T09:45:23","date_gmt":"2020-08-17T12:45:23","guid":{"rendered":"https:\/\/frechalarquitetura.com.br\/?page_id=13"},"modified":"2022-01-06T10:41:43","modified_gmt":"2022-01-06T13:41:43","slug":"contato","status":"publish","type":"page","link":"https:\/\/frechalarquitetura.com.br\/index.php\/contato\/","title":{"rendered":"Contato"},"content":{"rendered":"","protected":false},"excerpt":{"rendered":"","protected":false},"author":1,"featured_media":0,"parent":0,"menu_order":0,"comment_status":"closed","ping_status":"closed","template":"pages\/page-contato.php","meta":[],"yoast_head":"<!-- This site is optimized with the Yoast SEO plugin v14.8.1 - https:\/\/yoast.com\/wordpress\/plugins\/seo\/ -->\r\n<title>Contato - Frechal Arquitetura<\/title>\r\n<meta name=\"description\" content=\"Entre em contato atr\u00e1ves de nosso formul\u00e1rio abaixo, e tira sua d\u00favidas ou mande sua sugest\u00e3o.\" \/>\r\n<meta name=\"robots\" content=\"index, follow\" \/>\r\n<meta name=\"googlebot\" content=\"index, follow, max-snippet:-1, max-image-preview:large, max-video-preview:-1\" \/>\r\n<meta name=\"bingbot\" content=\"index, follow, max-snippet:-1, max-image-preview:large, max-video-preview:-1\" \/>\r\n<link rel=\"canonical\" href=\"https:\/\/frechalarquitetura.com.br\/index.php\/contato\/\" \/>\r\n<meta property=\"og:locale\" content=\"pt_BR\" \/>\r\n<meta property=\"og:type\" content=\"article\" \/>\r\n<meta property=\"og:title\" content=\"Contato - Frechal Arquitetura\" \/>\r\n<meta property=\"og:description\" content=\"Entre em contato atr\u00e1ves de nosso formul\u00e1rio abaixo, e tira sua d\u00favidas ou mande sua sugest\u00e3o.\" \/>\r\n<meta property=\"og:url\" content=\"https:\/\/frechalarquitetura.com.br\/index.php\/contato\/\" \/>\r\n<meta property=\"og:site_name\" content=\"Frechal Arquitetura\" \/>\r\n<meta property=\"article:publisher\" content=\"https:\/\/www.facebook.com\/frechalarquitetura\/?fref=nf\" \/>\r\n<meta property=\"article:modified_time\" content=\"2022-01-06T13:41:43+00:00\" \/>\r\n<meta name=\"twitter:card\" content=\"summary_large_image\" \/>\r\n<script type=\"application\/ld+json\" class=\"yoast-schema-graph\">{\"@context\":\"https:\/\/schema.org\",\"@graph\":[{\"@type\":\"WebSite\",\"@id\":\"https:\/\/frechalarquitetura.com.br\/#website\",\"url\":\"https:\/\/frechalarquitetura.com.br\/\",\"name\":\"Frechal Arquitetura\",\"description\":\"unificando sonho a realidade.\",\"potentialAction\":[{\"@type\":\"SearchAction\",\"target\":\"https:\/\/frechalarquitetura.com.br\/?s={search_term_string}\",\"query-input\":\"required name=search_term_string\"}],\"inLanguage\":\"pt-BR\"},{\"@type\":\"WebPage\",\"@id\":\"https:\/\/frechalarquitetura.com.br\/index.php\/contato\/#webpage\",\"url\":\"https:\/\/frechalarquitetura.com.br\/index.php\/contato\/\",\"name\":\"Contato - Frechal Arquitetura\",\"isPartOf\":{\"@id\":\"https:\/\/frechalarquitetura.com.br\/#website\"},\"datePublished\":\"2020-08-17T12:45:23+00:00\",\"dateModified\":\"2022-01-06T13:41:43+00:00\",\"description\":\"Entre em contato atr\\u00e1ves de nosso formul\\u00e1rio abaixo, e tira sua d\\u00favidas ou mande sua sugest\\u00e3o.\",\"inLanguage\":\"pt-BR\",\"potentialAction\":[{\"@type\":\"ReadAction\",\"target\":[\"https:\/\/frechalarquitetura.com.br\/index.php\/contato\/\"]}]}]}<\/script>\r\n<!-- \/ Yoast SEO plugin. -->","_links":{"self":[{"href":"https:\/\/frechalarquitetura.com.br\/index.php\/wp-json\/wp\/v2\/pages\/13"}],"collection":[{"href":"https:\/\/frechalarquitetura.com.br\/index.php\/wp-json\/wp\/v2\/pages"}],"about":[{"href":"https:\/\/frechalarquitetura.com.br\/index.php\/wp-json\/wp\/v2\/types\/page"}],"author":[{"embeddable":true,"href":"https:\/\/frechalarquitetura.com.br\/index.php\/wp-json\/wp\/v2\/users\/1"}],"replies":[{"embeddable":true,"href":"https:\/\/frechalarquitetura.com.br\/index.php\/wp-json\/wp\/v2\/comments?post=13"}],"version-history":[{"count":5,"href":"https:\/\/frechalarquitetura.com.br\/index.php\/wp-json\/wp\/v2\/pages\/13\/revisions"}],"predecessor-version":[{"id":369,"href":"https:\/\/frechalarquitetura.com.br\/index.php\/wp-json\/wp\/v2\/pages\/13\/revisions\/369"}],"wp:attachment":[{"href":"https:\/\/frechalarquitetura.com.br\/index.php\/wp-json\/wp\/v2\/media?parent=13"}],"curies":[{"name":"wp","href":"https:\/\/api.w.org\/{rel}","templated":true}]}}